Let l(y) = 4*y**2 + 447*y - 1023. Give l(-114).
3
Let l(n) = 2*n**2 + 36*n + 6. Give l(-18).
6
Let x(v) = 4*v**2 - 143*v - 32. What is x(36)?
4
Let d(s) = -2*s**2 + 43*s - 231. Determine d(13).
-10
Let h(a) = 1836*a + 9169. Determine h(-5).
-11
Let l(a) = 173*a + 405. Calculate l(-5).
-460
Let t(a) = -736*a + 741. Determine t(1).
5
Let y(t) = -90*t + 882. Give y(10).
-18
Let d(m) = -9*m + 526. What is d(39)?
175
Let s(w) = 46*w + 798. Give s(-20).
-122
Let i(s) = -3*s**3 - 24*s**2 + 10*s + 90. Give i(-8).
10
Let g(p) = -p**3 + 55*p**2 + 186*p + 34. Give g(-3).
-2
Let z(c) = -c**3 - 136*c**2 + 260*c - 2088. What is z(-138)?
120
Let f(i) = i**3 + 7*i**2 - 37*i + 119. Give f(-11).
42
Let l(c) = -c**3 + 32*c**2 + 72*c - 176. Give l(34).
-40
Let g(q) = -50*q**2 + 302*q - 4. What is g(5)?
256
Let x(s) = -1611*s - 4827. Determine x(-3).
6
Let i(a) = -8*a - 174. Give i(-5).
-134
Let p(n) = 2*n**2 + 657*n + 3215. What is p(-5)?
-20
Let c(q) = -q**2 + 173*q + 2403. Give c(-13).
-15
Let a(k) = 864*k - 7780. What is a(9)?
-4
Let a(v) = -12*v**2 - 172*v + 83. Determine a(-15).
-37
Let k(j) = 6*j - 213. Calculate k(34).
-9
Let p(b) = -631*b + 652. Calculate p(1).
21
Let q(h) = h**3 - 59*h**2 + 56*h + 134. Determine q(58).
18
Let w(v) = v**2 + 44*v - 537. What is w(-54)?
3
Let l(v) = -7*v**2 - 1226*v - 179. Give l(-175).
-4
Let z(w) = 10*w + 33. Calculate z(5).
83
Let n(z) = 5*z**3 + 18*z**2 + 8. What is n(-3)?
35
Let g(r) = 55*r - 119. What is g(6)?
211
Let v(y) = -y**3 + 10*y**2 + 14*y - 138. What is v(10)?
2
Let x(p) = p**3 + 44*p**2 - 318*p - 95. Determine x(-50).
805
Let f(b) = 97*b + 112. Give f(-2).
-82
Let x(a) = a**3 - 8*a**2 - 93*a + 49. Determine x(14).
-77
Let q(c) = -11*c**2 - 5*c + 111. Calculate q(5).
-189
Let z(c) = c**2 + 115*c + 1739. What is z(-97)?
-7
Let m(n) = 29*n + 350. What is m(-12)?
2
Let v(z) = 144*z + 519. Calculate v(-4).
-57
Let h(f) = f**2 - f - 2148. Determine h(-46).
14
Let u(q) = q**2 - 138*q + 3336. Calculate u(107).
19
Let v(d) = 4*d**2 + 35*d + 136. Give v(-4).
60
Let s(q) = -61*q - 113. Give s(-2).
9
Let q(a) = -a**2 + 783*a + 3947. Calculate q(-5).
7
Let r(d) = 166*d - 1579. What is r(10)?
81
Let y(r) = -r**3 - 17*r**2 - 25*r + 12. Calculate y(-15).
-63
Let x(q) = -6*q**2 + 140*q + 111. Determine x(24).
15
Let k(w) = -w**3 - 32*w**2 - 26*w + 186. What is k(-31)?
31
Let k(f) = 268*f - 3929. Calculate k(16).
359
Let n(y) = y**2 - 20*y - 23. Determine n(-19).
718
Let f(o) = o**3 + 79*o**2 - 164*o - 158. Give f(-81).
4
Let d(t) = 334*t - 3679. What is d(11)?
-5
Let y(h) = -h**3 + 21*h**2 - h + 103. Determine y(21).
82
Let f(t) = -4*t**3 - 243*t**2 - 179*t + 117. Determine f(-60).
57
Let q(j) = -67*j + 109. Give q(6).
-293
Let h(s) = 1082*s - 4331. Determine h(4).
-3
Let r(k) = 6*k**3 + k**2 + 13*k. What is r(-4)?
-420
Let q(k) = -2*k**3 + 73*k**2 - 291*k - 2. Determine q(4).
-126
Let o(d) = 79*d - 1076. Calculate o(13).
-49
Let a(i) = -76*i**3 - 2*i**2 - 62*i + 64. Determine a(1).
-76
Let m(x) = x**3 + 22*x**2 + 115*x - 22. Give m(-10).
28
Let n(u) = -15*u**2 - 5*u + 14. Calculate n(3).
-136
Let i(y) = y**2 + 64*y - 281. Calculate i(0).
-281
Let s(g) = g**3 - 51*g**2 + 46*g + 130. What is s(50)?
-70
Let d(v) = v**3 + 15*v**2 + 11*v - 25. Calculate d(-14).
17
Let o(x) = 2*x**2 - 89*x + 381. Give o(40).
21
Let o(w) = -11*w**3 + 27*w - 29. Calculate o(1).
-13
Let a(s) = 421*s + 2636. What is a(-6)?
110
Let g(b) = -b**2 - 36*b - 254. Give g(-27).
-11
Let g(j) = -137*j + 426. Calculate g(3).
15
Let s(m) = m**2 + 60*m + 818. Give s(-37).
-33
Let f(p) = p**3 - 17*p**2 + 8*p - 29. What is f(16)?
-157
Let z(u) = -u**3 - 30*u**2 + 40*u - 195. Give z(-31).
-474
Let b(i) = i**2 - 86*i + 1180. Give b(69).
7
Let k(b) = -124*b + 18. Calculate k(0).
18
Let v(u) = -2*u**3 - 31*u**2 + 346*u - 14. Calculate v(-23).
-37
Let p(s) = s**2 + 449*s + 3098. What is p(-7)?
4
Let x(a) = -a**3 + 8*a**2 - 7*a - 11. Determine x(4).
25
Let u(b) = -23*b**2 - 37*b + 13. Determine u(2).
-153
Let h(k) = -3*k**3 + 333*k**2 - 3*k + 356. Calculate h(111).
23
Let d(v) = v**3 + 10*v**2 - 76*v + 70. Determine d(-16).
-250
Let p(n) = -35*n + 35. Calculate p(1).
0
Let r(f) = 5*f**3 + 6*f**2 + 6*f + 2. Calculate r(-1).
-3
Let i(l) = -l**3 + 32*l**2 - 162*l + 38. Give i(6).
2
Let c(z) = z**3 - 7*z**2 - 25*z - 28. Calculate c(13).
661
Let f(o) = -764*o + 30551. Give f(40).
-9
Let f(t) = -8*t - 62. Determine f(-15).
58
Let j(k) = -k**2 + 123*k - 357. Give j(120).
3
Let w(k) = 6*k**3 - 24*k**2 + 8*k - 6. What is w(5)?
184
Let x(h) = -h**3 - 9*h**2 - 43*h - 117. Give x(-5).
-2
Let l(j) = -48*j**3 - 3*j**2 - 7*j - 4. What is l(-1)?
48
Let v(r) = 4*r**2 + 37*r - 26. Give v(-10).
4
Let j(q) = -4*q**2 - 2*q + 182. What is j(-7)?
0
Let g(l) = -17*l + 399. Determine g(17).
110
Let o(d) = -d**2 + 13*d + 296. Determine o(25).
-4
Let c(v) = 26*v**2 - 2*v - 4. Calculate c(1).
20
Let v(a) = -a**3 + 8*a**2 + 16*a + 4. Determine v(-4).
132
Let c(g) = -g**2 - 344*g - 1385. Determine c(-4).
-25
Let q(j) = 159*j - 1566. What is q(10)?
24
Let v(l) = l**3 + 26*l**2 + 34*l - 6. What is v(-24)?
330
Let b(r) = -140*r - 693. What is b(-3)?
-273
Let h(w) = w**3 - 28*w**2 - 64*w + 51. What is h(30)?
-69
Let b(s) = -36*s + 317. Determine b(9).
-7
Let n(g) = g**3 + 12*g**2 + 32*g + 51. Give n(-7).
72
Let d(u) = 17*u**2 - 12*u + 11. What is d(4)?
235
Let x(p) = -6*p**2 - 14*p - 1. Determine x(-3).
-13
Let p(n) = n**3 - 48*n**2 - 268*n + 143. Give p(53).
-16
Let x(t) = -6*t - 195. Give x(18).
-303
Let b(y) = 5*y**2 + 105*y + 63. What is b(-19)?
-127
Let r(f) = 20*f**2 - 191*f + 93. Determine r(9).
-6
Let j(s) = 72*s - 218. Determine j(3).
-2
Let y(p) = -23*p**3 + 125*p**2 - 37*p - 69. Determine y(5).
-4
Let a(f) = f**2 - 105*f + 1064. Determine a(11).
30
Let i(y) = 71*y + 1786. Calculate i(-26).
-60
Let b(r) = -52*r - 1408. Give b(-27).
-4
Let x(f) = -3*f**3 + 18*f**2 + 43*f + 36. Calculate x(8).
-4
Let m(u) = u**3 - 9*u**2 - 34*u + 124. Determine m(11).
-8
Let n(c) = 2*c**2 - 70*c - 539. Calculate n(42).
49
Let l(x) = -x**3 + 13*x**2 + 330*x - 4101. Determine l(12).
3
Let f(x) = -6*x**2 + 148*x + 197. Give f(26).
-11
Let q(x) = -180*x - 8474. Determine q(-47).
-14
Let u(q) = -29*q - 777. What is u(-29)?
64
Let r(d) = -4*d**2 + 12*d + 413. Calculate r(-9).
-19
Let f(v) = -5*v**2 + 299*v + 81. What is f(60)?
21
Let y(m) = -m**2 + 1816*m + 31161. What is y(-17)?
0
Let q(u) = 2*u**3 + 22*u**2 - 70*u - 897. Give q(-11).
-127
Let x(h) = 15*h - 7. Determine x(4).
53
Let k(u) = -u**3 + 158*u**2 - 3096*u - 212. Determine k(23).
-5
Let t(v) = -v + 306. Give t(54).
252
Let d(o) = 45*o - 52. Determine d(1).
-7
Let l(z) = 493*z - 14293. Calculate l(29).
4
Let s(m) = -10*m**2 - 3*m - 23. Determine s(4).
-195
Let r(h) = 2*h**3 + 97*h**2 + 138*h - 75. What is r(-47)?
66
Let u(q) = -q**3 - 18*q**2 - 48*q - 23. What is u(-12)?
-311
Let s(g) = g**3 + 49*g**2 - g - 51. Give s(-49).
-2
Let u(l) = -2*l**3 + 15*l**2 + 8*l - 89. Calculate u(7).
16
Let x(i) = 102*i - 782. Calculate x(8).
34
Let l(z) = z**2 - 85*z + 1014. Calculate l(14).
20
Let h(t) = -4*t**3 + 13*t**2 + 7*t - 4. Determine h(4).
-24
Let t(o) = -79*o**2 - 242*o + 9. Give t(-3).
24
Let r(q) = 1621*q - 16242. Give r(10).
-32
Let i(p) = -3105*p + 31039. Give i(10).
-11
Let s(l) = l**2 - 2*l - 34. What is s(7)?
1
Let c(j) = j**2 - 1166*j + 24055. Calculate c(21).
10
Let m(f) = -f**2 - 65*f + 988. Determine m(13).
-26
Let j(r) = 291*r - 896. What is j(3)?
-23
Let f(w) = -20*w - 863. Calculate f(-33).
-203
Let a(g) = -9*g**3 - 12*g**2 - 8*g - 6. Determine a(-2).
34
Let w(z) = -208*z + 1658. What is w(8)?
-6
Let t(k) = -751*k**3 - k**2 - 25*k - 24. What is t(-1)?
751
Let y(t) = -t**3 + 71*t**2 - 257*t - 714. Calculate y(67).
23
Let n(u) = -262*u + 267. What is n(1)?
5
Let a(f) = -3*f**2 - 18*f - 62. Determine a(-3).
-35
Let y(l) = l**3 + 7*l**2 - 8*l + 79. What is y(-9)?
-11
Let i(r) = 1392*r - 15307. Give i(11).
5
Let w(m) = -67*m - 1467. What is w(-22)?
7
Let s(t) = -27*t**2 - 110*t - 423. Calculate s(-4).
-415
Let p(x) = 27*x + 1256. Determine p(-47).
-13
Let q(l) = 44*l + 245. Give q(-6).
-19
Let p(x) = 117*x + 226. Give p(-2).
-8
Let l(z) = -z**3 - 19*z**2 - 23*z - 35. Give l(-18).
55
Let g(b) = 9*b**2 - b - 16. Calculate g(4).
124
Let y(k) = 13*k - 231.